{"id":4,"date":"2020-09-23T14:35:13","date_gmt":"2020-09-23T12:35:13","guid":{"rendered":"http:\/\/w3.buchhandlung-werber.de\/?page_id=4"},"modified":"2020-10-29T15:19:56","modified_gmt":"2020-10-29T13:19:56","slug":"ueber-uns","status":"publish","type":"page","link":"https:\/\/www.buchhandlung-werber.de\/?page_id=4","title":{"rendered":"\u00dcber uns"},"content":{"rendered":"\n<p><strong><br><\/strong><\/p>\n\n\n\n<h3 class=\"wp-block-heading\">Willkommen bei der Buchhandlung Werber, Ihrer Buchhandlung vor Ort!<\/h3>\n\n\n\n<figure class=\"wp-block-image size-large\"><img loading=\"lazy\" decoding=\"async\" width=\"1024\" height=\"682\" src=\"http:\/\/w3.buchhandlung-werber.de\/wp-content\/uploads\/2020\/10\/Gruppe_Werbers_final-1024x682.jpg\" alt=\"\" class=\"wp-image-35\" srcset=\"https:\/\/www.buchhandlung-werber.de\/wp-content\/uploads\/2020\/10\/Gruppe_Werbers_final-1024x682.jpg 1024w, https:\/\/www.buchhandlung-werber.de\/wp-content\/uploads\/2020\/10\/Gruppe_Werbers_final-300x200.jpg 300w, https:\/\/www.buchhandlung-werber.de\/wp-content\/uploads\/2020\/10\/Gruppe_Werbers_final-768x511.jpg 768w, https:\/\/www.buchhandlung-werber.de\/wp-content\/uploads\/2020\/10\/Gruppe_Werbers_final-1536x1022.jpg 1536w, https:\/\/www.buchhandlung-werber.de\/wp-content\/uploads\/2020\/10\/Gruppe_Werbers_final-2048x1363.jpg 2048w, https:\/\/www.buchhandlung-werber.de\/wp-content\/uploads\/2020\/10\/Gruppe_Werbers_final-1200x799.jpg 1200w, https:\/\/www.buchhandlung-werber.de\/wp-content\/uploads\/2020\/10\/Gruppe_Werbers_final-1980x1318.jpg 1980w\" sizes=\"(max-width: 1024px) 100vw, 1024px\" \/><\/figure>\n\n\n\n<p>Im Herzen der Bad Honnefer Innenstadt sind wir als attraktives und unverwechselbares Traditionsunternehmen Ihr erster Ansprechpartner f\u00fcr B\u00fccher &amp; Co.<\/p>\n\n\n\n<p><strong>Click &amp; Collect: Online bestellen, offline bezahlen!<\/strong><\/p>\n\n\n\n<p><a href=\"https:\/\/buch-werber.buchhandlung.de\/shop\/\">\u00dcber unseren Online-Shop bestellen Sie, wann\u00a0immer und von wo immer Sie wollen. Sie bezahlen\u00a0die Ware erst bei Abholung. Selbstverst\u00e4ndlich\u00a0fallen f\u00fcr Sie keine Versandkosten an.\u00a0\u00a0 \u00a0 \u00a0 \u00a0 \u00a0 \u00a0Nat\u00fcrlich k\u00f6nnen Sie Ihre B\u00fccher auch zu sich\u00a0nach Hause liefern lassen. Versandkostenfrei ab\u00a0einem Bestellwert von 20 \u20ac.<\/a><\/p>\n\n\n\n<p><br><\/p>\n","protected":false},"excerpt":{"rendered":"<p>Willkommen bei der Buchhandlung Werber, Ihrer Buchhandlung vor Ort! Im Herzen der Bad Honnefer Innenstadt sind wir als attraktives und unverwechselbares Traditionsunternehmen Ihr erster Ansprechpartner f\u00fcr B\u00fccher &amp; Co. Click &amp; Collect: Online bestellen, offline bezahlen! \u00dcber unseren Online-Shop bestellen Sie, wann\u00a0immer und von wo immer Sie wollen. Sie bezahlen\u00a0die Ware erst bei Abholung. Selbstverst\u00e4ndlich\u00a0fallen [&hellip;]<\/p>\n","protected":false},"author":1,"featured_media":0,"parent":0,"menu_order":0,"comment_status":"closed","ping_status":"closed","template":"","meta":{"footnotes":""},"_links":{"self":[{"href":"https:\/\/www.buchhandlung-werber.de\/index.php?rest_route=\/wp\/v2\/pages\/4"}],"collection":[{"href":"https:\/\/www.buchhandlung-werber.de\/index.php?rest_route=\/wp\/v2\/pages"}],"about":[{"href":"https:\/\/www.buchhandlung-werber.de\/index.php?rest_route=\/wp\/v2\/types\/page"}],"author":[{"embeddable":true,"href":"https:\/\/www.buchhandlung-werber.de\/index.php?rest_route=\/wp\/v2\/users\/1"}],"replies":[{"embeddable":true,"href":"https:\/\/www.buchhandlung-werber.de\/index.php?rest_route=%2Fwp%2Fv2%2Fcomments&post=4"}],"version-history":[{"count":2,"href":"https:\/\/www.buchhandlung-werber.de\/index.php?rest_route=\/wp\/v2\/pages\/4\/revisions"}],"predecessor-version":[{"id":36,"href":"https:\/\/www.buchhandlung-werber.de\/index.php?rest_route=\/wp\/v2\/pages\/4\/revisions\/36"}],"wp:attachment":[{"href":"https:\/\/www.buchhandlung-werber.de\/index.php?rest_route=%2Fwp%2Fv2%2Fmedia&parent=4"}],"curies":[{"name":"wp","href":"https:\/\/api.w.org\/{rel}","templated":true}]}}